{"id":1688,"date":"2024-02-07T16:46:26","date_gmt":"2024-02-07T19:46:26","guid":{"rendered":"https:\/\/www.arnoldomonteirobach.com.br\/ecomm\/?page_id=1688"},"modified":"2024-05-02T20:11:00","modified_gmt":"2024-05-02T23:11:00","slug":"sobre-o-autor","status":"publish","type":"page","link":"https:\/\/www.arnoldomonteirobach.com.br\/ecomm\/sobre-o-autor\/","title":{"rendered":"Sobre o Autor"},"content":{"rendered":"\t\t<div data-elementor-type=\"wp-page\" data-elementor-id=\"1688\" class=\"elementor elementor-1688\">\n\t\t\t\t<div class=\"elementor-element elementor-element-c07b869 e-con-full e-flex e-con e-parent\" data-id=\"c07b869\" data-element_type=\"container\" data-settings=\"{&quot;background_background&quot;:&quot;slideshow&quot;,&quot;background_slideshow_gallery&quot;:[{&quot;id&quot;:1663,&quot;url&quot;:&quot;https:\\\/\\\/www.arnoldomonteirobach.com.br\\\/ecomm\\\/wp-content\\\/uploads\\\/2024\\\/02\\\/4f552593c9029a383dbbe3799dc9f0d7-gpLarge.jpeg&quot;}],&quot;background_slideshow_loop&quot;:&quot;yes&quot;,&quot;background_slideshow_slide_duration&quot;:5000,&quot;background_slideshow_slide_transition&quot;:&quot;fade&quot;,&quot;background_slideshow_transition_duration&quot;:500}\">\n\t\t\t\t<\/div>\n\t\t<div class=\"elementor-element elementor-element-bccd5a1 e-flex e-con-boxed e-con e-parent\" data-id=\"bccd5a1\" data-element_type=\"container\">\n\t\t\t\t\t<div class=\"e-con-inner\">\n\t\t\t\t<div class=\"elementor-element elementor-element-ccf5272 elementor-widget elementor-widget-text-editor\" data-id=\"ccf5272\" data-element_type=\"widget\" data-widget_type=\"text-editor.default\">\n\t\t\t\t<div class=\"elementor-widget-container\">\n\t\t\t\t\t\t\t\t\t<p><b>Arnoldo Monteiro Bach<\/b>\u00a0nasceu a 14 de janeiro de 1960, em Palmeira. Filho de Ol\u00edvia Cardoso Monteiro Bach e Roberto Biehl Bach. Casado com Soeli Mariana da Concei\u00e7\u00e3o Bach, tem tr\u00eas filhos: Ayron, Arion e Bleine.\u00a0<\/p><p>Formou-se em Letras pela Faculdade Estadual de Ci\u00eancias e Letras de Irati, em 1985. Especialista em Fundamentos, Teoria e An\u00e1lise do Processo Instrucional, em n\u00edvel de 3\u00ba Grau, na Universidade Federal do Paran\u00e1. Trabalhou no jornal\u00a0<i>Gazeta de Palmeira.\u00a0<\/i><\/p><p>\u00c9 radialista, professor, membro do Instituto Hist\u00f3rico e Geogr\u00e1fico de Palmeira, membro da Academia de Letras dos Campos Gerais, Cidad\u00e3o Benem\u00e9rito de Palmeira. Idealizador do Museu S\u00edtio Minguinho, vinculado ao Minist\u00e9rio da Cultura, o qual abriga v\u00e1rios memoriais, entre eles o Memorial da Col\u00f4nia Cec\u00edlia.\u00a0<\/p><p>S\u00f3cio Benem\u00e9rito da Associa\u00e7\u00e3o Germ\u00e2nica dos Campos Gerais. Bar\u00e3o do S\u00edtio Minguinho, t\u00edtulo conferido pela Soberana Ordem do Sapo, de Curitiba. Recebeu a comenda do Tropeiro, concedida pela Paran\u00e1 Turismo, por ocasi\u00e3o das comemora\u00e7\u00f5es dos 300 anos dos Campos Gerais.\u00a0<\/p><p>Recebeu duas Mo\u00e7\u00f5es de Aplausos da C\u00e2mara Municipal de Palmeira; Voto de Louvor da Assembleia Legislativa do Estado do Paran\u00e1, pelo lan\u00e7amento do Livro Vapores; Pr\u00eamio Apollo Taborda Fran\u00e7a de Literatura, na categoria \u201cProsa\u201d, pelos livros Carro\u00e7\u00f5es, conferido pelo Rotary Clube de Curitiba (Alto da Gl\u00f3ria) e M\u00e9rito Rot\u00e1rio do Rotary Clube de Palmeira; Medalha ao M\u00e9rito \u201cManoel Dem\u00e9trio\u201d, conferido pela Loja Ma\u00e7\u00f4nica Manoel Dem\u00e9trio, de Palmeira.\u00a0<\/p><p>Mo\u00e7\u00e3o de Aplauso da Assembleia Legislativa do Paran\u00e1, pelo lan\u00e7amento do livro Porcadeiros. Recebeu o trof\u00e9u Tropeiros, conferido a dez personalidades divulgadoras do Tropeirismo no Paran\u00e1. Trof\u00e9u Cultura, conferido pela Associa\u00e7\u00e3o Cata-Vento. Membro efetivo\u00a0<i>Ad<\/i>\u00a0<i>Honorem<\/i>\u00a0do Centro Cultural Professor Faris Michaele de Ponta Grossa. Autor dos livros:\u00a0<i>Carro\u00e7\u00f5es, Carro\u00e7\u00f5es: outras hist\u00f3rias e Vapores<\/i>\u00a0que integram a\u00a0<i>S\u00e9rie Casa Paranista,\u00a0<\/i>publicados pela Editora da Universidade Estadual de Ponta Grossa.<i>\u00a0Alem\u00e3es do Volga no Pugas, Contos Fant\u00e1sticos, Contos M\u00e1gicos, Trens, Porcadeiros, Tropeiro, Col\u00f4nia Cec\u00edlia e Dilig\u00eancias.<\/i><\/p>\t\t\t\t\t\t\t\t<\/div>\n\t\t\t\t<\/div>\n\t\t\t\t\t<\/div>\n\t\t\t\t<\/div>\n\t\t\t\t<\/div>\n\t\t","protected":false},"excerpt":{"rendered":"<p>Arnoldo Monteiro Bach\u00a0nasceu a 14 de janeiro de 1960, em Palmeira. Filho de Ol\u00edvia Cardoso Monteiro Bach e Roberto Biehl Bach. Casado com Soeli Mariana da Concei\u00e7\u00e3o Bach, tem tr\u00eas filhos: Ayron, Arion e Bleine.\u00a0 Formou-se em Letras pela Faculdade Estadual de Ci\u00eancias e Letras de Irati, em 1985. Especialista em Fundamentos, Teoria e An\u00e1lise [&hellip;]<\/p>\n","protected":false},"author":1,"featured_media":0,"parent":0,"menu_order":0,"comment_status":"closed","ping_status":"closed","template":"elementor_header_footer","meta":{"ocean_post_layout":"","ocean_both_sidebars_style":"","ocean_both_sidebars_content_width":0,"ocean_both_sidebars_sidebars_width":0,"ocean_sidebar":"","ocean_second_sidebar":"","ocean_disable_margins":"enable","ocean_add_body_class":"","ocean_shortcode_before_top_bar":"","ocean_shortcode_after_top_bar":"","ocean_shortcode_before_header":"","ocean_shortcode_after_header":"","ocean_has_shortcode":"","ocean_shortcode_after_title":"","ocean_shortcode_before_footer_widgets":"","ocean_shortcode_after_footer_widgets":"","ocean_shortcode_before_footer_bottom":"","ocean_shortcode_after_footer_bottom":"","ocean_display_top_bar":"default","ocean_display_header":"default","ocean_header_style":"","ocean_center_header_left_menu":"","ocean_custom_header_template":"","ocean_custom_logo":0,"ocean_custom_retina_logo":0,"ocean_custom_logo_max_width":0,"ocean_custom_logo_tablet_max_width":0,"ocean_custom_logo_mobile_max_width":0,"ocean_custom_logo_max_height":0,"ocean_custom_logo_tablet_max_height":0,"ocean_custom_logo_mobile_max_height":0,"ocean_header_custom_menu":"","ocean_menu_typo_font_family":"","ocean_menu_typo_font_subset":"","ocean_menu_typo_font_size":0,"ocean_menu_typo_font_size_tablet":0,"ocean_menu_typo_font_size_mobile":0,"ocean_menu_typo_font_size_unit":"px","ocean_menu_typo_font_weight":"","ocean_menu_typo_font_weight_tablet":"","ocean_menu_typo_font_weight_mobile":"","ocean_menu_typo_transform":"","ocean_menu_typo_transform_tablet":"","ocean_menu_typo_transform_mobile":"","ocean_menu_typo_line_height":0,"ocean_menu_typo_line_height_tablet":0,"ocean_menu_typo_line_height_mobile":0,"ocean_menu_typo_line_height_unit":"","ocean_menu_typo_spacing":0,"ocean_menu_typo_spacing_tablet":0,"ocean_menu_typo_spacing_mobile":0,"ocean_menu_typo_spacing_unit":"","ocean_menu_link_color":"","ocean_menu_link_color_hover":"","ocean_menu_link_color_active":"","ocean_menu_link_background":"","ocean_menu_link_hover_background":"","ocean_menu_link_active_background":"","ocean_menu_social_links_bg":"","ocean_menu_social_hover_links_bg":"","ocean_menu_social_links_color":"","ocean_menu_social_hover_links_color":"","ocean_disable_title":"default","ocean_disable_heading":"default","ocean_post_title":"","ocean_post_subheading":"","ocean_post_title_style":"","ocean_post_title_background_color":"","ocean_post_title_background":0,"ocean_post_title_bg_image_position":"","ocean_post_title_bg_image_attachment":"","ocean_post_title_bg_image_repeat":"","ocean_post_title_bg_image_size":"","ocean_post_title_height":0,"ocean_post_title_bg_overlay":0.5,"ocean_post_title_bg_overlay_color":"","ocean_disable_breadcrumbs":"default","ocean_breadcrumbs_color":"","ocean_breadcrumbs_separator_color":"","ocean_breadcrumbs_links_color":"","ocean_breadcrumbs_links_hover_color":"","ocean_display_footer_widgets":"default","ocean_display_footer_bottom":"default","ocean_custom_footer_template":"","footnotes":""},"class_list":["post-1688","page","type-page","status-publish","hentry","entry","owp-thumbs-layout-horizontal","owp-btn-normal","owp-tabs-layout-horizontal","has-no-thumbnails","has-product-nav"],"yoast_head":"<!-- This site is optimized with the Yoast SEO plugin v24.6 - https:\/\/yoast.com\/wordpress\/plugins\/seo\/ -->\n<title>Sobre o Autor - Loja de Livros :: Arnoldo Monteiro Bach<\/title>\n<meta name=\"robots\" content=\"index, follow, max-snippet:-1, max-image-preview:large, max-video-preview:-1\" \/>\n<link rel=\"canonical\" href=\"https:\/\/www.arnoldomonteirobach.com.br\/ecomm\/sobre-o-autor\/\" \/>\n<meta property=\"og:locale\" content=\"pt_BR\" \/>\n<meta property=\"og:type\" content=\"article\" \/>\n<meta property=\"og:title\" content=\"Sobre o Autor - Loja de Livros :: Arnoldo Monteiro Bach\" \/>\n<meta property=\"og:description\" content=\"Arnoldo Monteiro Bach\u00a0nasceu a 14 de janeiro de 1960, em Palmeira. Filho de Ol\u00edvia Cardoso Monteiro Bach e Roberto Biehl Bach. Casado com Soeli Mariana da Concei\u00e7\u00e3o Bach, tem tr\u00eas filhos: Ayron, Arion e Bleine.\u00a0 Formou-se em Letras pela Faculdade Estadual de Ci\u00eancias e Letras de Irati, em 1985. Especialista em Fundamentos, Teoria e An\u00e1lise [&hellip;]\" \/>\n<meta property=\"og:url\" content=\"https:\/\/www.arnoldomonteirobach.com.br\/ecomm\/sobre-o-autor\/\" \/>\n<meta property=\"og:site_name\" content=\"Loja de Livros :: Arnoldo Monteiro Bach\" \/>\n<meta property=\"article:modified_time\" content=\"2024-05-02T23:11:00+00:00\" \/>\n<meta name=\"twitter:card\" content=\"summary_large_image\" \/>\n<meta name=\"twitter:label1\" content=\"Est. tempo de leitura\" \/>\n\t<meta name=\"twitter:data1\" content=\"2 minutos\" \/>\n<script type=\"application\/ld+json\" class=\"yoast-schema-graph\">{\"@context\":\"https:\/\/schema.org\",\"@graph\":[{\"@type\":\"WebPage\",\"@id\":\"https:\/\/www.arnoldomonteirobach.com.br\/ecomm\/sobre-o-autor\/\",\"url\":\"https:\/\/www.arnoldomonteirobach.com.br\/ecomm\/sobre-o-autor\/\",\"name\":\"Sobre o Autor - Loja de Livros :: Arnoldo Monteiro Bach\",\"isPartOf\":{\"@id\":\"https:\/\/www.arnoldomonteirobach.com.br\/ecomm\/#website\"},\"datePublished\":\"2024-02-07T19:46:26+00:00\",\"dateModified\":\"2024-05-02T23:11:00+00:00\",\"breadcrumb\":{\"@id\":\"https:\/\/www.arnoldomonteirobach.com.br\/ecomm\/sobre-o-autor\/#breadcrumb\"},\"inLanguage\":\"pt-BR\",\"potentialAction\":[{\"@type\":\"ReadAction\",\"target\":[\"https:\/\/www.arnoldomonteirobach.com.br\/ecomm\/sobre-o-autor\/\"]}]},{\"@type\":\"BreadcrumbList\",\"@id\":\"https:\/\/www.arnoldomonteirobach.com.br\/ecomm\/sobre-o-autor\/#breadcrumb\",\"itemListElement\":[{\"@type\":\"ListItem\",\"position\":1,\"name\":\"In\u00edcio\",\"item\":\"https:\/\/www.arnoldomonteirobach.com.br\/ecomm\/\"},{\"@type\":\"ListItem\",\"position\":2,\"name\":\"Sobre o Autor\"}]},{\"@type\":\"WebSite\",\"@id\":\"https:\/\/www.arnoldomonteirobach.com.br\/ecomm\/#website\",\"url\":\"https:\/\/www.arnoldomonteirobach.com.br\/ecomm\/\",\"name\":\"Loja de Livros :: Arnoldo Monteiro Bach\",\"description\":\"Aqui voc\u00ea encontra todos os livros escritos por Arnoldo Monteiro Bach, entre eles: Porcadeiros, Col\u00f4nia Cec\u00edlia, Trens e mais.\",\"publisher\":{\"@id\":\"https:\/\/www.arnoldomonteirobach.com.br\/ecomm\/#\/schema\/person\/3b22ff0a3a4732a9fe7d71537f869a00\"},\"potentialAction\":[{\"@type\":\"SearchAction\",\"target\":{\"@type\":\"EntryPoint\",\"urlTemplate\":\"https:\/\/www.arnoldomonteirobach.com.br\/ecomm\/?s={search_term_string}\"},\"query-input\":{\"@type\":\"PropertyValueSpecification\",\"valueRequired\":true,\"valueName\":\"search_term_string\"}}],\"inLanguage\":\"pt-BR\"},{\"@type\":[\"Person\",\"Organization\"],\"@id\":\"https:\/\/www.arnoldomonteirobach.com.br\/ecomm\/#\/schema\/person\/3b22ff0a3a4732a9fe7d71537f869a00\",\"name\":\"Admin\",\"image\":{\"@type\":\"ImageObject\",\"inLanguage\":\"pt-BR\",\"@id\":\"https:\/\/www.arnoldomonteirobach.com.br\/ecomm\/#\/schema\/person\/image\/\",\"url\":\"https:\/\/www.arnoldomonteirobach.com.br\/ecomm\/wp-content\/uploads\/2024\/04\/Novo-Projeto-1.webp\",\"contentUrl\":\"https:\/\/www.arnoldomonteirobach.com.br\/ecomm\/wp-content\/uploads\/2024\/04\/Novo-Projeto-1.webp\",\"width\":1280,\"height\":720,\"caption\":\"Admin\"},\"logo\":{\"@id\":\"https:\/\/www.arnoldomonteirobach.com.br\/ecomm\/#\/schema\/person\/image\/\"},\"sameAs\":[\"https:\/\/www.arnoldomonteirobach.com.br\/ecomm\"]}]}<\/script>\n<!-- \/ Yoast SEO plugin. -->","yoast_head_json":{"title":"Sobre o Autor - Loja de Livros :: Arnoldo Monteiro Bach","robots":{"index":"index","follow":"follow","max-snippet":"max-snippet:-1","max-image-preview":"max-image-preview:large","max-video-preview":"max-video-preview:-1"},"canonical":"https:\/\/www.arnoldomonteirobach.com.br\/ecomm\/sobre-o-autor\/","og_locale":"pt_BR","og_type":"article","og_title":"Sobre o Autor - Loja de Livros :: Arnoldo Monteiro Bach","og_description":"Arnoldo Monteiro Bach\u00a0nasceu a 14 de janeiro de 1960, em Palmeira. Filho de Ol\u00edvia Cardoso Monteiro Bach e Roberto Biehl Bach. Casado com Soeli Mariana da Concei\u00e7\u00e3o Bach, tem tr\u00eas filhos: Ayron, Arion e Bleine.\u00a0 Formou-se em Letras pela Faculdade Estadual de Ci\u00eancias e Letras de Irati, em 1985. Especialista em Fundamentos, Teoria e An\u00e1lise [&hellip;]","og_url":"https:\/\/www.arnoldomonteirobach.com.br\/ecomm\/sobre-o-autor\/","og_site_name":"Loja de Livros :: Arnoldo Monteiro Bach","article_modified_time":"2024-05-02T23:11:00+00:00","twitter_card":"summary_large_image","twitter_misc":{"Est. tempo de leitura":"2 minutos"},"schema":{"@context":"https:\/\/schema.org","@graph":[{"@type":"WebPage","@id":"https:\/\/www.arnoldomonteirobach.com.br\/ecomm\/sobre-o-autor\/","url":"https:\/\/www.arnoldomonteirobach.com.br\/ecomm\/sobre-o-autor\/","name":"Sobre o Autor - Loja de Livros :: Arnoldo Monteiro Bach","isPartOf":{"@id":"https:\/\/www.arnoldomonteirobach.com.br\/ecomm\/#website"},"datePublished":"2024-02-07T19:46:26+00:00","dateModified":"2024-05-02T23:11:00+00:00","breadcrumb":{"@id":"https:\/\/www.arnoldomonteirobach.com.br\/ecomm\/sobre-o-autor\/#breadcrumb"},"inLanguage":"pt-BR","potentialAction":[{"@type":"ReadAction","target":["https:\/\/www.arnoldomonteirobach.com.br\/ecomm\/sobre-o-autor\/"]}]},{"@type":"BreadcrumbList","@id":"https:\/\/www.arnoldomonteirobach.com.br\/ecomm\/sobre-o-autor\/#breadcrumb","itemListElement":[{"@type":"ListItem","position":1,"name":"In\u00edcio","item":"https:\/\/www.arnoldomonteirobach.com.br\/ecomm\/"},{"@type":"ListItem","position":2,"name":"Sobre o Autor"}]},{"@type":"WebSite","@id":"https:\/\/www.arnoldomonteirobach.com.br\/ecomm\/#website","url":"https:\/\/www.arnoldomonteirobach.com.br\/ecomm\/","name":"Loja de Livros :: Arnoldo Monteiro Bach","description":"Aqui voc\u00ea encontra todos os livros escritos por Arnoldo Monteiro Bach, entre eles: Porcadeiros, Col\u00f4nia Cec\u00edlia, Trens e mais.","publisher":{"@id":"https:\/\/www.arnoldomonteirobach.com.br\/ecomm\/#\/schema\/person\/3b22ff0a3a4732a9fe7d71537f869a00"},"potentialAction":[{"@type":"SearchAction","target":{"@type":"EntryPoint","urlTemplate":"https:\/\/www.arnoldomonteirobach.com.br\/ecomm\/?s={search_term_string}"},"query-input":{"@type":"PropertyValueSpecification","valueRequired":true,"valueName":"search_term_string"}}],"inLanguage":"pt-BR"},{"@type":["Person","Organization"],"@id":"https:\/\/www.arnoldomonteirobach.com.br\/ecomm\/#\/schema\/person\/3b22ff0a3a4732a9fe7d71537f869a00","name":"Admin","image":{"@type":"ImageObject","inLanguage":"pt-BR","@id":"https:\/\/www.arnoldomonteirobach.com.br\/ecomm\/#\/schema\/person\/image\/","url":"https:\/\/www.arnoldomonteirobach.com.br\/ecomm\/wp-content\/uploads\/2024\/04\/Novo-Projeto-1.webp","contentUrl":"https:\/\/www.arnoldomonteirobach.com.br\/ecomm\/wp-content\/uploads\/2024\/04\/Novo-Projeto-1.webp","width":1280,"height":720,"caption":"Admin"},"logo":{"@id":"https:\/\/www.arnoldomonteirobach.com.br\/ecomm\/#\/schema\/person\/image\/"},"sameAs":["https:\/\/www.arnoldomonteirobach.com.br\/ecomm"]}]}},"_links":{"self":[{"href":"https:\/\/www.arnoldomonteirobach.com.br\/ecomm\/wp-json\/wp\/v2\/pages\/1688","targetHints":{"allow":["GET"]}}],"collection":[{"href":"https:\/\/www.arnoldomonteirobach.com.br\/ecomm\/wp-json\/wp\/v2\/pages"}],"about":[{"href":"https:\/\/www.arnoldomonteirobach.com.br\/ecomm\/wp-json\/wp\/v2\/types\/page"}],"author":[{"embeddable":true,"href":"https:\/\/www.arnoldomonteirobach.com.br\/ecomm\/wp-json\/wp\/v2\/users\/1"}],"replies":[{"embeddable":true,"href":"https:\/\/www.arnoldomonteirobach.com.br\/ecomm\/wp-json\/wp\/v2\/comments?post=1688"}],"version-history":[{"count":10,"href":"https:\/\/www.arnoldomonteirobach.com.br\/ecomm\/wp-json\/wp\/v2\/pages\/1688\/revisions"}],"predecessor-version":[{"id":1868,"href":"https:\/\/www.arnoldomonteirobach.com.br\/ecomm\/wp-json\/wp\/v2\/pages\/1688\/revisions\/1868"}],"wp:attachment":[{"href":"https:\/\/www.arnoldomonteirobach.com.br\/ecomm\/wp-json\/wp\/v2\/media?parent=1688"}],"curies":[{"name":"wp","href":"https:\/\/api.w.org\/{rel}","templated":true}]}}